re the prime factors of 12047?
7, 1721
What are the prime factors of 200823?
3, 7, 73, 131
List the prime factors of 6523.
11, 593
What are the prime factors of 13376?
2, 11, 19
What are the prime factors of 26702?
2, 13, 79
List the prime factors of 684.
2, 3, 19
List the prime factors of 3330.
2, 3, 5, 37
List the prime factors of 21894.
2, 3, 41, 89
What are the prime factors of 18148?
2, 13, 349
List the prime factors of 24993.
3, 2777
What are the prime factors of 3062?
2, 1531
List the prime factors of 13409.
11, 23, 53
List the prime factors of 7082.
2, 3541
What are the prime factors of 12290?
2, 5, 1229
What are the prime factors of 29775?
3, 5, 397
List the prime factors of 15117.
3, 5039
List the prime factors of 1800.
2, 3, 5
What are the prime factors of 710?
2, 5, 71
What are the prime factors of 19010?
2, 5, 1901
What are the prime factors of 10837?
10837
What are the prime factors of 917?
7, 131
What are the prime factors of 1597?
1597
List the prime factors of 434.
2, 7, 31
List the prime factors of 4815.
3, 5, 107
List the prime factors of 2143.
2143
List the prime factors of 27267.
3, 61, 149
List the prime factors of 81324.
2, 3, 251
List the prime factors of 22189.
22189
List the prime factors of 18670.
2, 5, 1867
List the prime factors of 11612.
2, 2903
What are the prime factors of 1707?
3, 569
List the prime factors of 7010.
2, 5, 701
List the prime factors of 88761.
3, 29587
List the prime factors of 54233.
193, 281
What are the prime factors of 778?
2, 389
What are the prime factors of 3989?
3989
List the prime factors of 3059.
7, 19, 23
What are the prime factors of 41583?
3, 83, 167
List the prime factors of 2532.
2, 3, 211
List the prime factors of 10654.
2, 7, 761
List the prime factors of 21755.
5, 19, 229
List the prime factors of 17022.
2, 3, 2837
List the prime factors of 1511.
1511
List the prime factors of 13472.
2, 421
List the prime factors of 4353.
3, 1451
List the prime factors of 47126.
2, 23563
List the prime factors of 887.
887
What are the prime factors of 6237?
3, 7, 11
List the prime factors of 33.
3, 11
What are the prime factors of 37632?
2, 3, 7
What are the prime factors of 39399?
3, 23, 571
List the prime factors of 9456.
2, 3, 197
List the prime factors of 348.
2, 3, 29
List the prime factors of 8397.
3, 311
List the prime factors of 26496.
2, 3, 23
List the prime factors of 965.
5, 193
List the prime factors of 3778.
2, 1889
List the prime factors of 12171.
3, 4057
List the prime factors of 28929.
3, 9643
What are the prime factors of 93577?
11, 47, 181
List the prime factors of 5552.
2, 347
List the prime factors of 2160.
2, 3, 5
What are the prime factors of 71217?
3, 41, 193
List the prime factors of 1413.
3, 157
List the prime factors of 14333.
11, 1303
What are the prime factors of 6963?
3, 11, 211
What are the prime factors of 90060?
2, 3, 5, 19, 79
List the prime factors of 54400.
2, 5, 17
What are the prime factors of 8622?
2, 3, 479
List the prime factors of 718.
2, 359
What are the prime factors of 1251?
3, 139
What are the prime factors of 2977?
13, 229
List the prime factors of 36306.
2, 3, 2017
What are the prime factors of 51688?
2, 7, 13, 71
What are the prime factors of 2670?
2, 3, 5, 89
What are the prime factors of 51589?
23, 2243
List the prime factors of 109142.
2, 11, 41
List the prime factors of 3248.
2, 7, 29
List the prime factors of 450.
2, 3, 5
What are the prime factors of 1656?
2, 3, 23
What are the prime factors of 1596?
2, 3, 7, 19
List the prime factors of 1085.
5, 7, 31
What are the prime factors of 26392?
2, 3299
List the prime factors of 19752.
2, 3, 823
What are the prime factors of 768?
2, 3
List the prime factors of 81688.
2, 10211
What are the prime factors of 41959?
41959
What are the prime factors of 1029?
3, 7
What are the prime factors of 17895?
3, 5, 1193
What are the prime factors of 51?
3, 17
What are the prime factors of 52798?
2, 26399
List the prime factors of 77998.
2, 59, 661
List the prime factors of 25245.
3, 5, 11, 17
What are the prime factors of 69652?
2, 11, 1583
List the prime factors of 4661.
59, 79
What are the prime factors of 20731?
20731
What are the prime factors of 3839?
11, 349
List the prime factors of 1263.
3, 421
List the prime factors of 2218.
2, 1109
What are the prime factors of 155062?
2, 31, 41, 61
What are the prime factors of 81866?
2, 40933
List the prime factors of 1295.
5, 7, 37
List the prime factors of 13031.
83, 157
List the prime factors of 27805.
5, 67, 83
What are the prime factors of 16915?
5, 17, 199
What are the prime factors of 8854?
2, 19, 233
List the prime factors of 6939.
3, 257
What are the prime factors of 37438?
2, 18719
List the prime factors of 63270.
2, 3, 5, 19, 37
What are the prime factors of 2784?
2, 3, 29
What are the prime factors of 5357?
11, 487
List the prime factors of 3081.
3, 13, 79
List the prime factors of 7553.
7, 13, 83
List the prime factors of 482.
2, 241
List the prime factors of 2960.
2, 5, 37
List the prime factors of 814.
2, 11, 37
What are the prime factors of 1048?
2, 131
List the prime factors of 2360.
2, 5, 59
What are the prime factors of 59777?
23, 113
What are the prime factors of 1196?
2, 13, 23
List the prime factors of 8223.
3, 2741
List the prime factors of 3988.
2, 997
What are the prime factors of 18231?
3, 59, 103
What are the prime factors of 47230?
2, 5, 4723
List the prime factors of 91236.
2, 3, 7603
What are the prime factors of 3342?
2, 3, 557
List the prime factors of 8549.
83, 103
What are the prime factors of 80901?
3, 89, 101
What are the prime factors of 1764?
2, 3, 7
List the prime factors of 6238.
2, 3119
List the prime factors of 12652.
2, 3163
List the prime factors of 21806.
2, 10903
What are the prime factors of 50382?
2, 3, 311
What are the prime factors of 1688?
2, 211
List the prime factors of 11334.
2, 3, 1889
List the prime factors of 1953.
3, 7, 31
What are the prime factors of 28080?
2, 3, 5, 13
List the prime factors of 5859.
3, 7, 31
List the prime factors of 886.
2, 443
What are the prime factors of 3948?
2, 3, 7, 47
What are the prime factors of 31500?
2, 3, 5, 7
What are the prime factors of 12935?
5, 13, 199
What are the prime factors of 3024?
2, 3, 7
List the prime factors of 1600.
2, 5
What are the prime factors of 3154?
2, 19, 83
What are the prime factors of 598?
2, 13, 23
List the prime factors of 9478.
2, 7, 677
List the prime factors of 294.
2, 3, 7
What are the prime factors of 8081?
8081
What are the prime factors of 34588?
2, 8647
What are the prime factors of 671?
11, 61
List the prime factors of 6562.
2, 17, 193
What are the prime factors of 7561?
7561
List the prime factors of 3960.
2, 3, 5, 11
List the prime factors of 30124.
2, 17, 443
List the prime factors of 89043.
3, 67, 443
List the prime factors of 16793.
7, 2399
What are the prime factors of 242?
2, 11
What are the prime factors of 28117?
31, 907
List the prime factors of 101930.
2, 5, 10193
What are the prime factors of 1294?
2, 647
What are the prime factors of 737?
11, 67
What are the prime factors of 87778?
2, 43889
List the prime factors of 49048.
2, 6131
List the prime factors of 98610.
2, 3, 5, 19, 173
List the prime factors of 2298.
2, 3, 383
What are the prime factors of 22401?
3, 19, 131
What are the prime factors of 6284?
2, 1571
What are the prime factors of 13458?
2, 3, 2243
What are the prime factors of 7688?
2, 31
What are the prime factors of 126269?
11, 13, 883
What are the prime factors of 1285?
5, 257
List the prime factors of 97956.
2, 3, 907
What are the prime factors of 112648?
2, 14081
List the prime factors of 29559.
3, 59, 167
What are the prime factors of 18197?
31, 587
List the prime factors of 807.
3, 269
What are the prime factors of 8329?
8329
What are the prime factors of 5854?
2, 2927
What are the prime factors of 8148?
2, 3, 7, 97
List the prime factors of 9113.
13, 701
What are the prime factors of 29?
29
List the prime factors of 1695.
3, 5, 113
List the prime factors of 15528.
2, 3, 647
List the prime factors of 313.
313
What are the prime factors of 9102?
2, 3, 37, 41
What are the prime factors of 16794?
2, 3, 311
List the prime factors of 57299.
11, 5209
What are the prime factors of 4408?
2, 19, 29
What are the prim